{"id":57,"date":"2019-06-08T10:59:42","date_gmt":"2019-06-08T08:59:42","guid":{"rendered":"https:\/\/phoenixitalian.it\/?page_id=57"},"modified":"2019-06-11T11:44:54","modified_gmt":"2019-06-11T09:44:54","slug":"lamine-metallizzate","status":"publish","type":"page","link":"https:\/\/phoenixitalian.it\/index.php\/lamine-metallizzate\/","title":{"rendered":"Lamine metallizzate"},"content":{"rendered":"\n<figure class=\"wp-block-image\"><img loading=\"lazy\" decoding=\"async\" width=\"1024\" height=\"394\" src=\"https:\/\/phoenixitalian.it\/wp-content\/uploads\/2019\/06\/IMG_5233_mezza-1024x394.jpg\" alt=\"\" class=\"wp-image-58\" srcset=\"https:\/\/phoenixitalian.it\/wp-content\/uploads\/2019\/06\/IMG_5233_mezza-1024x394.jpg 1024w, https:\/\/phoenixitalian.it\/wp-content\/uploads\/2019\/06\/IMG_5233_mezza-300x115.jpg 300w, https:\/\/phoenixitalian.it\/wp-content\/uploads\/2019\/06\/IMG_5233_mezza-768x295.jpg 768w, https:\/\/phoenixitalian.it\/wp-content\/uploads\/2019\/06\/IMG_5233_mezza.jpg 1513w\" sizes=\"auto, (max-width: 1024px) 100vw, 1024px\" \/><figcaption>Lamine metallizzate totali \/ Total metallic laminating<\/figcaption><\/figure>\n\n\n<p><img loading=\"lazy\" decoding=\"async\" class=\"alignnone size-full wp-image-48\" src=\"https:\/\/phoenixitalian.it\/wp-content\/uploads\/2019\/06\/It.gif\" alt=\"\" width=\"38\" height=\"27\"><\/p>\n<p><strong>Lamine metallizzate totali<\/strong><\/p>\n<p>Foils da 16 a 19 my per stampa su pelli naturali e sintetici<br>Formule speciali alta resistenza ed elasticit\u00e0<br>Garanzia tonalit\u00e0 dei colori secondo parametri di produzione di alta qualit\u00e0<\/p>\n<p><img loading=\"lazy\" decoding=\"async\" class=\"alignnone size-full wp-image-54\" src=\"https:\/\/phoenixitalian.it\/wp-content\/uploads\/2019\/06\/UK.gif\" alt=\"\" width=\"38\" height=\"27\"><\/p>\n<p><strong>Total metallic laminating<\/strong><\/p>\n<p>Foils 16 to 19 my printing on natual leather and sintetics<br>Special formulas, hardwearing and elastic<br>Garantee of color shades according to the high quality production parameters<\/p>\n\n\n<div class=\"wp-block-image\"><figure class=\"aligncenter is-resized\"><img loading=\"lazy\" decoding=\"async\" src=\"https:\/\/phoenixitalian.it\/wp-content\/uploads\/2019\/06\/IMG_5234.jpg\" alt=\"\" class=\"wp-image-81\" width=\"408\" height=\"438\" srcset=\"https:\/\/phoenixitalian.it\/wp-content\/uploads\/2019\/06\/IMG_5234.jpg 401w, https:\/\/phoenixitalian.it\/wp-content\/uploads\/2019\/06\/IMG_5234-280x300.jpg 280w\" sizes=\"auto, (max-width: 408px) 100vw, 408px\" \/><figcaption>Lamine metallizzate parziali \/  Partial metallic laminating<\/figcaption><\/figure><\/div>\n\n\n<p><img loading=\"lazy\" decoding=\"async\" class=\"alignnone size-full wp-image-48\" src=\"https:\/\/phoenixitalian.it\/wp-content\/uploads\/2019\/06\/It.gif\" alt=\"\" width=\"38\" height=\"27\" \/><\/p>\n<p><strong>Lamine metallizzate parziali<\/strong><\/p>\n<p>Lamine metallizzate parziali ed olografiche al laser 12 &#8211; 23 my<br \/>Per stampe su pelli e tessuti<br \/>Alta resistenza al lavaggio secondo test di laboratorio<\/p>\n<p><img loading=\"lazy\" decoding=\"async\" class=\"alignnone size-full wp-image-54\" src=\"https:\/\/phoenixitalian.it\/wp-content\/uploads\/2019\/06\/UK.gif\" alt=\"\" width=\"38\" height=\"27\" \/><\/p>\n<p><strong>Partial metallic laminating<\/strong><\/p>\n<p>Partial metallic laminating &#8211; laser holographic 12 &#8211; 23 my<br \/>To print on textiles and leather<br \/>High washing resistent in accordance to the laboratory test<\/p>","protected":false},"excerpt":{"rendered":"<p>Lamine metallizzate totali Foils da 16 a 19 my per stampa su pelli naturali e sinteticiFormule speciali alta resistenza ed elasticit\u00e0Garanzia tonalit\u00e0 dei colori secondo parametri di produzione di alta qualit\u00e0 Total metallic laminating Foils 16 to 19 my printing<\/p>\n","protected":false},"author":1,"featured_media":0,"parent":0,"menu_order":0,"comment_status":"closed","ping_status":"closed","template":"","meta":{"footnotes":""},"class_list":["post-57","page","type-page","status-publish","hentry"],"_links":{"self":[{"href":"https:\/\/phoenixitalian.it\/index.php\/wp-json\/wp\/v2\/pages\/57","targetHints":{"allow":["GET"]}}],"collection":[{"href":"https:\/\/phoenixitalian.it\/index.php\/wp-json\/wp\/v2\/pages"}],"about":[{"href":"https:\/\/phoenixitalian.it\/index.php\/wp-json\/wp\/v2\/types\/page"}],"author":[{"embeddable":true,"href":"https:\/\/phoenixitalian.it\/index.php\/wp-json\/wp\/v2\/users\/1"}],"replies":[{"embeddable":true,"href":"https:\/\/phoenixitalian.it\/index.php\/wp-json\/wp\/v2\/comments?post=57"}],"version-history":[{"count":12,"href":"https:\/\/phoenixitalian.it\/index.php\/wp-json\/wp\/v2\/pages\/57\/revisions"}],"predecessor-version":[{"id":84,"href":"https:\/\/phoenixitalian.it\/index.php\/wp-json\/wp\/v2\/pages\/57\/revisions\/84"}],"wp:attachment":[{"href":"https:\/\/phoenixitalian.it\/index.php\/wp-json\/wp\/v2\/media?parent=57"}],"curies":[{"name":"wp","href":"https:\/\/api.w.org\/{rel}","templated":true}]}}